er?
False
Is 1481292811 composite?
False
Is 71087898257 a prime number?
False
Is 81748391 a prime number?
True
Is 57287757 a composite number?
True
Is 33909813823 composite?
True
Is 11224842449 a composite number?
False
Is 74555352601 composite?
True
Is 4748959051 a prime number?
True
Is 26611360933 composite?
False
Is 9161524353 a composite number?
True
Is 3382325543 a composite number?
False
Is 43536061 a prime number?
True
Is 223162109 composite?
True
Is 163413787 prime?
False
Is 77801211721 a prime number?
True
Is 521912773 composite?
True
Is 41036168541 a composite number?
True
Is 16693800287 prime?
True
Is 1239251029 composite?
True
Is 3302788417 a prime number?
True
Is 2602318847 a composite number?
False
Is 2154955841 prime?
True
Is 35043722183 composite?
False
Is 128008834241 a composite number?
False
Is 5598870527 a prime number?
False
Is 162469381 prime?
True
Is 134959441 composite?
False
Is 543598019 composite?
True
Is 2886797143 composite?
True
Is 29720425571 composite?
False
Is 1069384271 a prime number?
False
Is 15057614129 composite?
True
Is 6489887153 prime?
False
Is 293648039 a composite number?
True
Is 15011381897 a prime number?
False
Is 1119942547 prime?
False
Is 23050446563 composite?
False
Is 2181757013 prime?
True
Is 466707457 prime?
True
Is 210039163 a composite number?
False
Is 818895059 a prime number?
False
Is 40874503847 prime?
True
Is 65172405359 a prime number?
True
Is 175023917 composite?
False
Is 4605980569 a prime number?
False
Is 17869801471 a composite number?
False
Is 36088033451 a composite number?
False
Is 2726257421 composite?
True
Is 17648083181 a prime number?
True
Is 1368861371 a composite number?
False
Is 1056619769 prime?
False
Is 17831438323 a composite number?
False
Is 211993651 a composite number?
False
Is 2692718849 prime?
True
Is 16541872843 composite?
False
Is 1327545101 a composite number?
False
Is 20087503717 prime?
True
Is 38833894559 a prime number?
False
Is 3471985987 composite?
False
Is 33196475449 a prime number?
True
Is 795832847 prime?
True
Is 7844186173 a prime number?
True
Is 1241069509 a prime number?
True
Is 4986445399 a prime number?
False
Is 11877712321 a prime number?
True
Is 13011152237 a composite number?
True
Is 50556502519 prime?
False
Is 464313379 a composite number?
False
Is 392212879 prime?
False
Is 1596534803 a composite number?
True
Is 251598337 composite?
False
Is 10371730687 a prime number?
False
Is 28822307 prime?
True
Is 9109851089 prime?
False
Is 8436659839 prime?
False
Is 1104799495 prime?
False
Is 129453421 prime?
False
Is 4183567951 prime?
False
Is 43984527523 prime?
True
Is 57692628529 prime?
True
Is 2597927051 a composite number?
False
Is 131373040091 a composite number?
False
Is 197942642153 composite?
False
Is 13063091 composite?
False
Is 46725201541 a composite number?
False
Is 3272459317 a prime number?
True
Is 49786178335 prime?
False
Is 13511517209 a prime number?
True
Is 144093404645 composite?
True
Is 12806561971 prime?
False
Is 288359179 composite?
True
Is 3112694183 a composite number?
True
Is 15603240353 a prime number?
False
Is 16444164449 composite?
True
Is 85459919 a composite number?
True
Is 1174225007 a prime number?
False
Is 149700851 composite?
True
Is 16325670869 a composite number?
False
Is 3688719943 composite?
True
Is 12972192109 a composite number?
True
Is 44466113 a composite number?
False
Is 2449451653 a prime number?
False
Is 4066154453 a prime number?
True
Is 53825975933 a composite number?
True
Is 342769093 a prime number?
True
Is 3611890999 a composite number?
False
Is 583439009 a prime number?
False
Is 22203377113 a prime number?
False
Is 799980653 composite?
False
Is 10552853117 a composite number?
False
Is 309640002091 composite?
True
Is 421154249 a composite number?
True
Is 6976558709 prime?
True
Is 111861785407 a prime number?
True
Is 653838121 prime?
True
Is 620083357 prime?
True
Is 2335306733 a prime number?
True
Is 947287357 a composite number?
True
Is 2282289641 composite?
True
Is 5526980027 composite?
False
Is 4811777 prime?
True
Is 2165965751 composite?
False
Is 1300631249 a prime number?
True
Is 26762201029 prime?
True
Is 53956304849 composite?
True
Is 22151014441 prime?
True
Is 539412101 composite?
False
Is 5875974103 composite?
False
Is 150745939613 a composite number?
True
Is 197904571 composite?
False
Is 1051252757 composite?
True
Is 51140199961 composite?
True
Is 2719739753 a composite number?
False
Is 9375962909 a prime number?
True
Is 226642607 a prime number?
True
Is 194217553 composite?
True
Is 3681904393 a prime number?
True
Is 1640927857 a composite number?
True
Is 5514305809 a prime number?
False
Is 56917307 a composite number?
True
Is 3564536821 a composite number?
True
Is 22606664071 a prime number?
False
Is 797719597 a prime number?
True
Is 10334520569 a composite number?
False
Is 2010121271 a composite number?
True
Is 514022815 prime?
False
Is 55402236961 a composite number?
False
Is 5087067459 a composite number?
True
Is 3273654877 prime?
False
Is 4272758119 a composite number?
True
Is 3102636077 a composite number?
True
Is 3773149561 a composite number?
True
Is 6500715607 composite?
True
Is 513405961 a composite number?
False
Is 4951630291 prime?
True
Is 2574964409 composite?
False
Is 11712428957 composite?
True
Is 21218372601 a prime number?
False
Is 1219627237 composite?
True
Is 6906144253 a composite number?
False
Is 52125158797 a composite number?
False
Is 25759149523 a composite number?
True
Is 12230453827 a composite number?
False
Is 5692653359 composite?
False
Is 46195124683 composite?
True
Is 1523016541 composite?
False
Is 48759811 prime?
False
Is 1125908059 a composite number?
True
Is 42937241 a composite number?
False
Is 485540423 a composite number?
False
Is 383174239 a prime number?
False
Is 3884098973 a prime number?
True
Is 908707063 a prime number?
False
Is 159534043439 a prime number?
True
Is 2446089467 a prime number?
True
Is 2879765997 a composite number?
True
Is 30806001017 a prime number?
False
Is 113232853 a composite number?
True
Is 1045252007 prime?
False
Is 764379417 composite?
True
Is 1247677631 a composite number?
False
Is 4007273843 composite?
True
Is 96389745919 composite?
False
Is 2541642763 prime?
False
Is 663749497 prime?
True
Is 1076369227 composite?
False
Is 40161058127 a prime number?
False
Is 1509086113 prime?
True
Is 1153501669 prime?
True
Is 1225254473 prime?
False
Is 96375483383 a composite number?
False
Is 6968277727 a composite number?
True
Is 1469554711 prime?
True
Is 516986017 a composite number?
False
Is 3027996077 a prime number?
True
Is 1909895129 a composite number?
False
Is 20414371 a prime number?
True
Is 4425311409 prime?
False
Is 1931787677 a composite number?
True
Is 2109521893 a prime number?
True
Is 40129679 prime?
False
Is 8285925143 composite?
False
Is 4535637703 a prime number?
True
Is 480266279 a prime number?
False
Is 27462414359 a prime number?
False
Is 2872600919 a prime number?
True
Is 2010443131 a prime number?
True
Is 53011459 prime?
True
Is 9331122881 a prime number?
True
Is 898539347 prime?
True
Is 60215331593 a composite number?
True
Is 701189765 composite?
True
Is 833005307 composite?
True
Is 4189886471 a composite number?
True
Is 7193131861 a composite number?
True
Is 1260989393 a composite number?
False
Is 4727358719 a prime number?
False
Is 1090593619 a prime number?
False
Is 1176863279 prime?
True
Is 30491680897 composite?
False
Is 13152576977 a composite number?
True
Is 107565713 a prime number?
True
Is 2687491321 composite?
True
Is 14140606651 a prime number?
True
Is 6891130479 composite?
True
Is 11186673073 composite?
True
Is 24745354301 prime?
True
Is 6745437427 a prime number?
True
Is 16024787711 composite?
False
Is 51996964637 a composite number?
False
Is 535511423 a prime number?
True
Is 58124811347 composite?
True
Is 44597492081 a composite number?
True
Is 1127630599 composite?
False
Is 2226263246 composite?
True
Is 18713008066 a prime number?
False
Is 287543567 composite?
False
Is 5185229971 prime?
False
Is 1503896729 prime?
True
Is 5649394819 composite?
False
Is 4937877527 prime?
False
Is 553490039 a composite number?
True
Is 6905818519 a composite number?
True
Is 11384032369 a prime number?
True
Is 17378202059 prime